{"id":2,"date":"2021-06-17T08:58:46","date_gmt":"2021-06-17T08:58:46","guid":{"rendered":"https:\/\/vastkustfolk.chs.chalmers.se\/?page_id=2"},"modified":"2024-09-06T09:30:13","modified_gmt":"2024-09-06T09:30:13","slug":"sample-page","status":"publish","type":"page","link":"https:\/\/vastkustfolk.chs.chalmers.se\/?page_id=2","title":{"rendered":"Rep"},"content":{"rendered":"<div data-colibri-id=\"2-c1\" class=\"style-263 style-local-2-c1 position-relative\">\n  <!---->\n  <div data-colibri-component=\"section\" data-colibri-id=\"2-c2\" id=\"initial-content\" class=\"h-section h-section-global-spacing d-flex align-items-lg-center align-items-md-center align-items-center style-264 style-local-2-c2 position-relative\">\n    <!---->\n    <!---->\n    <div class=\"h-section-grid-container h-section-boxed-container\">\n      <!---->\n      <div data-colibri-id=\"2-c3\" class=\"h-row-container gutters-row-lg-2 gutters-row-md-2 gutters-row-0 gutters-row-v-lg-2 gutters-row-v-md-2 gutters-row-v-2 style-265 style-local-2-c3 position-relative\">\n        <!---->\n        <div class=\"h-row justify-content-lg-center justify-content-md-center justify-content-center align-items-lg-stretch align-items-md-stretch align-items-stretch gutters-col-lg-2 gutters-col-md-2 gutters-col-0 gutters-col-v-lg-2 gutters-col-v-md-2 gutters-col-v-2\">\n          <!---->\n          <div class=\"h-column h-column-container d-flex h-col-lg-auto h-col-md-auto h-col-auto style-268-outer style-local-2-c4-outer\">\n            <div data-colibri-id=\"2-c4\" class=\"d-flex h-flex-basis h-column__inner h-px-lg-2 h-px-md-2 h-px-2 v-inner-lg-2 v-inner-md-2 v-inner-2 style-268 style-local-2-c4 position-relative\">\n              <!---->\n              <!---->\n              <div class=\"w-100 h-y-container h-column__content h-column__v-align flex-basis-100 align-self-lg-start align-self-md-start align-self-start\">\n                <!---->\n                <div data-colibri-id=\"2-c5\" class=\"h-text h-text-component style-269 style-local-2-c5 position-relative h-element\">\n                  <!---->\n                  <!---->\n                  <div class=\"\">\n                    <p>Vi repar p\u00e5 tisdagar, ca 18-21, i kemihuset p\u00e5 Chalmers Johanneberg. Uppl\u00e4gget brukar vara ungef\u00e4r:\n                      <br>\n                      <br>18:00-18:30 &#8211; Jam\n                      <br>18:30-20:00 &#8211; L\u00e5tutl\u00e4rning\/Workshops\n                      <br>20:0-21:00 &#8211; Fikapaus\n                      <br>21:00++: Jam till sent\n                      <br>\n                      <br>\n                      <br>We rehearse on Tuesdays, from approximately 18:00-21:00, in the chemistry building at Chalmers Johanneberg. Usually rehearsals look something like:\n                      <br>18:00-18:30 &#8211; Jamming\n                      <br>18:30 &#8211; 20:00 &#8211; Teaching tunes\/Workshops\n                      <br>20:00-21:00 &#8211; Fika break\n                      <br>21:00++: Jamming to late night\n                      <br>\n                    <\/p>\n                  <\/div>\n                <\/div>\n              <\/div>\n            <\/div>\n          <\/div>\n        <\/div>\n      <\/div>\n    <\/div>\n  <\/div>\n<\/div>","protected":false},"excerpt":{"rendered":"<p>Vi repar p\u00e5 tisdagar, ca 18-21, i kemihuset p\u00e5 Chalmers Johanneberg. Uppl\u00e4gget brukar vara ungef\u00e4r: 18:00-18:30 &#8211; Jam 18:30-20:00 &#8211; L\u00e5tutl\u00e4rning\/Workshops 20:0-21:00 &#8211; Fikapaus 21:00++: Jam till sent We rehearse on Tuesdays, from approximately 18:00-21:00, in the chemistry building at Chalmers Johanneberg. Usually rehearsals look something like: 18:00-18:30 &#8211; Jamming 18:30 &#8211; 20:00 &#8211; Teaching [&hellip;]<\/p>\n","protected":false},"author":1,"featured_media":104,"parent":0,"menu_order":0,"comment_status":"closed","ping_status":"closed","template":"page-templates\/full-width-page.php","meta":{"footnotes":""},"class_list":["post-2","page","type-page","status-publish","has-post-thumbnail","hentry"],"yoast_head":"<!-- This site is optimized with the Yoast SEO plugin v25.6 - https:\/\/yoast.com\/wordpress\/plugins\/seo\/ -->\n<title>Rep - G\u00f6teborgs Studentspelmanslag<\/title>\n<meta name=\"description\" content=\"V\u00e4stkustFolk, G\u00f6teborgs studentspelmanslag, the folk student ensemble of Gothenburg, har repetitioner p\u00e5 tisdagar.\" \/>\n<meta name=\"robots\" content=\"index, follow, max-snippet:-1, max-image-preview:large, max-video-preview:-1\" \/>\n<link rel=\"canonical\" href=\"https:\/\/vastkustfolk.chs.chalmers.se\/?page_id=2\" \/>\n<meta property=\"og:locale\" content=\"sv_SE\" \/>\n<meta property=\"og:type\" content=\"article\" \/>\n<meta property=\"og:title\" content=\"Rep - G\u00f6teborgs Studentspelmanslag\" \/>\n<meta property=\"og:description\" content=\"V\u00e4stkustFolk, G\u00f6teborgs studentspelmanslag, the folk student ensemble of Gothenburg, har repetitioner p\u00e5 tisdagar.\" \/>\n<meta property=\"og:url\" content=\"https:\/\/vastkustfolk.chs.chalmers.se\/?page_id=2\" \/>\n<meta property=\"og:site_name\" content=\"G\u00f6teborgs Studentspelmanslag\" \/>\n<meta property=\"article:modified_time\" content=\"2024-09-06T09:30:13+00:00\" \/>\n<meta property=\"og:image\" content=\"https:\/\/vastkustfolk.chs.chalmers.se\/wp-content\/uploads\/2021\/07\/cropped-DSC_0676-scaled-1.jpg\" \/>\n\t<meta property=\"og:image:width\" content=\"2559\" \/>\n\t<meta property=\"og:image:height\" content=\"1010\" \/>\n\t<meta property=\"og:image:type\" content=\"image\/jpeg\" \/>\n<meta name=\"twitter:card\" content=\"summary_large_image\" \/>\n<meta name=\"twitter:label1\" content=\"Ber\u00e4knad l\u00e4stid\" \/>\n\t<meta name=\"twitter:data1\" content=\"1 minut\" \/>\n<script type=\"application\/ld+json\" class=\"yoast-schema-graph\">{\"@context\":\"https:\/\/schema.org\",\"@graph\":[{\"@type\":\"WebPage\",\"@id\":\"https:\/\/vastkustfolk.chs.chalmers.se\/?page_id=2\",\"url\":\"https:\/\/vastkustfolk.chs.chalmers.se\/?page_id=2\",\"name\":\"Rep - G\u00f6teborgs Studentspelmanslag\",\"isPartOf\":{\"@id\":\"https:\/\/vastkustfolk.chs.chalmers.se\/#website\"},\"primaryImageOfPage\":{\"@id\":\"https:\/\/vastkustfolk.chs.chalmers.se\/?page_id=2#primaryimage\"},\"image\":{\"@id\":\"https:\/\/vastkustfolk.chs.chalmers.se\/?page_id=2#primaryimage\"},\"thumbnailUrl\":\"https:\/\/vastkustfolk.chs.chalmers.se\/wp-content\/uploads\/2021\/07\/cropped-DSC_0676-scaled-1.jpg\",\"datePublished\":\"2021-06-17T08:58:46+00:00\",\"dateModified\":\"2024-09-06T09:30:13+00:00\",\"description\":\"V\u00e4stkustFolk, G\u00f6teborgs studentspelmanslag, the folk student ensemble of Gothenburg, har repetitioner p\u00e5 tisdagar.\",\"breadcrumb\":{\"@id\":\"https:\/\/vastkustfolk.chs.chalmers.se\/?page_id=2#breadcrumb\"},\"inLanguage\":\"sv-SE\",\"potentialAction\":[{\"@type\":\"ReadAction\",\"target\":[\"https:\/\/vastkustfolk.chs.chalmers.se\/?page_id=2\"]}]},{\"@type\":\"ImageObject\",\"inLanguage\":\"sv-SE\",\"@id\":\"https:\/\/vastkustfolk.chs.chalmers.se\/?page_id=2#primaryimage\",\"url\":\"https:\/\/vastkustfolk.chs.chalmers.se\/wp-content\/uploads\/2021\/07\/cropped-DSC_0676-scaled-1.jpg\",\"contentUrl\":\"https:\/\/vastkustfolk.chs.chalmers.se\/wp-content\/uploads\/2021\/07\/cropped-DSC_0676-scaled-1.jpg\",\"width\":2559,\"height\":1010},{\"@type\":\"BreadcrumbList\",\"@id\":\"https:\/\/vastkustfolk.chs.chalmers.se\/?page_id=2#breadcrumb\",\"itemListElement\":[{\"@type\":\"ListItem\",\"position\":1,\"name\":\"Home\",\"item\":\"https:\/\/vastkustfolk.chs.chalmers.se\/\"},{\"@type\":\"ListItem\",\"position\":2,\"name\":\"Rep\"}]},{\"@type\":\"WebSite\",\"@id\":\"https:\/\/vastkustfolk.chs.chalmers.se\/#website\",\"url\":\"https:\/\/vastkustfolk.chs.chalmers.se\/\",\"name\":\"G\u00f6teborgs Studentspelmanslag\",\"description\":\"V\u00e4stkustFolk\",\"publisher\":{\"@id\":\"https:\/\/vastkustfolk.chs.chalmers.se\/#organization\"},\"potentialAction\":[{\"@type\":\"SearchAction\",\"target\":{\"@type\":\"EntryPoint\",\"urlTemplate\":\"https:\/\/vastkustfolk.chs.chalmers.se\/?s={search_term_string}\"},\"query-input\":{\"@type\":\"PropertyValueSpecification\",\"valueRequired\":true,\"valueName\":\"search_term_string\"}}],\"inLanguage\":\"sv-SE\"},{\"@type\":\"Organization\",\"@id\":\"https:\/\/vastkustfolk.chs.chalmers.se\/#organization\",\"name\":\"G\u00f6teborgs Studentspelmanslag\",\"url\":\"https:\/\/vastkustfolk.chs.chalmers.se\/\",\"logo\":{\"@type\":\"ImageObject\",\"inLanguage\":\"sv-SE\",\"@id\":\"https:\/\/vastkustfolk.chs.chalmers.se\/#\/schema\/logo\/image\/\",\"url\":\"https:\/\/vastkustfolk.chs.chalmers.se\/wp-content\/uploads\/2021\/06\/cropped-logga_1.jpg\",\"contentUrl\":\"https:\/\/vastkustfolk.chs.chalmers.se\/wp-content\/uploads\/2021\/06\/cropped-logga_1.jpg\",\"width\":1316,\"height\":488,\"caption\":\"G\u00f6teborgs Studentspelmanslag\"},\"image\":{\"@id\":\"https:\/\/vastkustfolk.chs.chalmers.se\/#\/schema\/logo\/image\/\"}}]}<\/script>\n<!-- \/ Yoast SEO plugin. -->","yoast_head_json":{"title":"Rep - G\u00f6teborgs Studentspelmanslag","description":"V\u00e4stkustFolk, G\u00f6teborgs studentspelmanslag, the folk student ensemble of Gothenburg, har repetitioner p\u00e5 tisdagar.","robots":{"index":"index","follow":"follow","max-snippet":"max-snippet:-1","max-image-preview":"max-image-preview:large","max-video-preview":"max-video-preview:-1"},"canonical":"https:\/\/vastkustfolk.chs.chalmers.se\/?page_id=2","og_locale":"sv_SE","og_type":"article","og_title":"Rep - G\u00f6teborgs Studentspelmanslag","og_description":"V\u00e4stkustFolk, G\u00f6teborgs studentspelmanslag, the folk student ensemble of Gothenburg, har repetitioner p\u00e5 tisdagar.","og_url":"https:\/\/vastkustfolk.chs.chalmers.se\/?page_id=2","og_site_name":"G\u00f6teborgs Studentspelmanslag","article_modified_time":"2024-09-06T09:30:13+00:00","og_image":[{"width":2559,"height":1010,"url":"https:\/\/vastkustfolk.chs.chalmers.se\/wp-content\/uploads\/2021\/07\/cropped-DSC_0676-scaled-1.jpg","type":"image\/jpeg"}],"twitter_card":"summary_large_image","twitter_misc":{"Ber\u00e4knad l\u00e4stid":"1 minut"},"schema":{"@context":"https:\/\/schema.org","@graph":[{"@type":"WebPage","@id":"https:\/\/vastkustfolk.chs.chalmers.se\/?page_id=2","url":"https:\/\/vastkustfolk.chs.chalmers.se\/?page_id=2","name":"Rep - G\u00f6teborgs Studentspelmanslag","isPartOf":{"@id":"https:\/\/vastkustfolk.chs.chalmers.se\/#website"},"primaryImageOfPage":{"@id":"https:\/\/vastkustfolk.chs.chalmers.se\/?page_id=2#primaryimage"},"image":{"@id":"https:\/\/vastkustfolk.chs.chalmers.se\/?page_id=2#primaryimage"},"thumbnailUrl":"https:\/\/vastkustfolk.chs.chalmers.se\/wp-content\/uploads\/2021\/07\/cropped-DSC_0676-scaled-1.jpg","datePublished":"2021-06-17T08:58:46+00:00","dateModified":"2024-09-06T09:30:13+00:00","description":"V\u00e4stkustFolk, G\u00f6teborgs studentspelmanslag, the folk student ensemble of Gothenburg, har repetitioner p\u00e5 tisdagar.","breadcrumb":{"@id":"https:\/\/vastkustfolk.chs.chalmers.se\/?page_id=2#breadcrumb"},"inLanguage":"sv-SE","potentialAction":[{"@type":"ReadAction","target":["https:\/\/vastkustfolk.chs.chalmers.se\/?page_id=2"]}]},{"@type":"ImageObject","inLanguage":"sv-SE","@id":"https:\/\/vastkustfolk.chs.chalmers.se\/?page_id=2#primaryimage","url":"https:\/\/vastkustfolk.chs.chalmers.se\/wp-content\/uploads\/2021\/07\/cropped-DSC_0676-scaled-1.jpg","contentUrl":"https:\/\/vastkustfolk.chs.chalmers.se\/wp-content\/uploads\/2021\/07\/cropped-DSC_0676-scaled-1.jpg","width":2559,"height":1010},{"@type":"BreadcrumbList","@id":"https:\/\/vastkustfolk.chs.chalmers.se\/?page_id=2#breadcrumb","itemListElement":[{"@type":"ListItem","position":1,"name":"Home","item":"https:\/\/vastkustfolk.chs.chalmers.se\/"},{"@type":"ListItem","position":2,"name":"Rep"}]},{"@type":"WebSite","@id":"https:\/\/vastkustfolk.chs.chalmers.se\/#website","url":"https:\/\/vastkustfolk.chs.chalmers.se\/","name":"G\u00f6teborgs Studentspelmanslag","description":"V\u00e4stkustFolk","publisher":{"@id":"https:\/\/vastkustfolk.chs.chalmers.se\/#organization"},"potentialAction":[{"@type":"SearchAction","target":{"@type":"EntryPoint","urlTemplate":"https:\/\/vastkustfolk.chs.chalmers.se\/?s={search_term_string}"},"query-input":{"@type":"PropertyValueSpecification","valueRequired":true,"valueName":"search_term_string"}}],"inLanguage":"sv-SE"},{"@type":"Organization","@id":"https:\/\/vastkustfolk.chs.chalmers.se\/#organization","name":"G\u00f6teborgs Studentspelmanslag","url":"https:\/\/vastkustfolk.chs.chalmers.se\/","logo":{"@type":"ImageObject","inLanguage":"sv-SE","@id":"https:\/\/vastkustfolk.chs.chalmers.se\/#\/schema\/logo\/image\/","url":"https:\/\/vastkustfolk.chs.chalmers.se\/wp-content\/uploads\/2021\/06\/cropped-logga_1.jpg","contentUrl":"https:\/\/vastkustfolk.chs.chalmers.se\/wp-content\/uploads\/2021\/06\/cropped-logga_1.jpg","width":1316,"height":488,"caption":"G\u00f6teborgs Studentspelmanslag"},"image":{"@id":"https:\/\/vastkustfolk.chs.chalmers.se\/#\/schema\/logo\/image\/"}}]}},"jetpack_sharing_enabled":true,"_links":{"self":[{"href":"https:\/\/vastkustfolk.chs.chalmers.se\/index.php?rest_route=\/wp\/v2\/pages\/2"}],"collection":[{"href":"https:\/\/vastkustfolk.chs.chalmers.se\/index.php?rest_route=\/wp\/v2\/pages"}],"about":[{"href":"https:\/\/vastkustfolk.chs.chalmers.se\/index.php?rest_route=\/wp\/v2\/types\/page"}],"author":[{"embeddable":true,"href":"https:\/\/vastkustfolk.chs.chalmers.se\/index.php?rest_route=\/wp\/v2\/users\/1"}],"replies":[{"embeddable":true,"href":"https:\/\/vastkustfolk.chs.chalmers.se\/index.php?rest_route=%2Fwp%2Fv2%2Fcomments&post=2"}],"version-history":[{"count":10,"href":"https:\/\/vastkustfolk.chs.chalmers.se\/index.php?rest_route=\/wp\/v2\/pages\/2\/revisions"}],"predecessor-version":[{"id":440,"href":"https:\/\/vastkustfolk.chs.chalmers.se\/index.php?rest_route=\/wp\/v2\/pages\/2\/revisions\/440"}],"wp:featuredmedia":[{"embeddable":true,"href":"https:\/\/vastkustfolk.chs.chalmers.se\/index.php?rest_route=\/wp\/v2\/media\/104"}],"wp:attachment":[{"href":"https:\/\/vastkustfolk.chs.chalmers.se\/index.php?rest_route=%2Fwp%2Fv2%2Fmedia&parent=2"}],"curies":[{"name":"wp","href":"https:\/\/api.w.org\/{rel}","templated":true}]}}